e tens digit of 12277326?
2
What is the hundred thousands digit of 309735?
3
What is the units digit of 271492?
2
What is the thousands digit of 24258354?
8
What is the units digit of 10826184?
4
What is the hundred thousands digit of 169261?
1
What is the millions digit of 2921061?
2
What is the tens digit of 5877119?
1
What is the tens digit of 1913663?
6
What is the thousands digit of 2392033?
2
What is the hundred thousands digit of 1088324?
0
What is the thousands digit of 354922?
4
What is the ten millions digit of 17231906?
1
What is the millions digit of 1426396?
1
What is the hundred thousands digit of 313294?
3
What is the hundreds digit of 2535734?
7
What is the tens digit of 914565?
6
What is the thousands digit of 5776157?
6
What is the ten thousands digit of 4664749?
6
What is the millions digit of 26521953?
6
What is the units digit of 423029?
9
What is the thousands digit of 24000?
4
What is the ten thousands digit of 1932467?
3
What is the millions digit of 2020434?
2
What is the ten thousands digit of 106261?
0
What is the thousands digit of 337304?
7
What is the hundreds digit of 30324383?
3
What is the hundreds digit of 17979015?
0
What is the tens digit of 715960?
6
What is the hundred thousands digit of 147677?
1
What is the tens digit of 721340?
4
What is the units digit of 554563?
3
What is the units digit of 2195508?
8
What is the ten thousands digit of 3988923?
8
What is the tens digit of 775525?
2
What is the tens digit of 416650?
5
What is the units digit of 247325?
5
What is the ten thousands digit of 311142?
1
What is the hundreds digit of 578130?
1
What is the thousands digit of 752256?
2
What is the millions digit of 4438002?
4
What is the thousands digit of 58127?
8
What is the thousands digit of 534606?
4
What is the ten thousands digit of 947145?
4
What is the tens digit of 2944535?
3
What is the hundred thousands digit of 12049267?
0
What is the tens digit of 36767?
6
What is the ten thousands digit of 224047?
2
What is the hundreds digit of 373441?
4
What is the thousands digit of 54320?
4
What is the hundreds digit of 40438?
4
What is the hundred thousands digit of 6236069?
2
What is the tens digit of 107748?
4
What is the units digit of 2447862?
2
What is the hundred thousands digit of 2122666?
1
What is the hundreds digit of 96003?
0
What is the units digit of 1935538?
8
What is the thousands digit of 5748023?
8
What is the millions digit of 12073111?
2
What is the ten thousands digit of 464926?
6
What is the tens digit of 2539066?
6
What is the ten thousands digit of 652489?
5
What is the tens digit of 5144858?
5
What is the hundred thousands digit of 2466202?
4
What is the ten thousands digit of 1665952?
6
What is the tens digit of 1792567?
6
What is the tens digit of 7442089?
8
What is the hundred thousands digit of 594675?
5
What is the hundred thousands digit of 250456?
2
What is the hundreds digit of 14664717?
7
What is the hundred thousands digit of 673655?
6
What is the ten thousands digit of 1078994?
7
What is the units digit of 5741422?
2
What is the millions digit of 1334463?
1
What is the thousands digit of 2894640?
4
What is the millions digit of 2632489?
2
What is the tens digit of 10424?
2
What is the ten thousands digit of 23274317?
7
What is the units digit of 1093835?
5
What is the hundreds digit of 4723164?
1
What is the hundreds digit of 19591260?
2
What is the units digit of 329762?
2
What is the units digit of 16504402?
2
What is the hundreds digit of 2519788?
7
What is the millions digit of 3357799?
3
What is the thousands digit of 65945?
5
What is the hundreds digit of 1835617?
6
What is the tens digit of 240206?
0
What is the hundred thousands digit of 5016703?
0
What is the hundred thousands digit of 190604?
1
What is the hundreds digit of 103882?
8
What is the ten thousands digit of 8160137?
6
What is the units digit of 139350?
0
What is the ten millions digit of 19469353?
1
What is the millions digit of 5637681?
5
What is the hundreds digit of 646931?
9
What is the hundreds digit of 2855578?
5
What is the ten thousands digit of 1392864?
9
What is the thousands digit of 661085?
1
What is the hundred thousands digit of 554745?
5
What is the ten thousands digit of 856191?
5
What is the ten thousands digit of 17207364?
0
What is the hundreds digit of 32938420?
4
What is the hundred thousands digit of 2220174?
2
What is the hundred thousands digit of 375326?
3
What is the ten thousands digit of 6374966?
7
What is the ten thousands digit of 652226?
5
What is the ten thousands digit of 44623?
4
What is the millions digit of 4490446?
4
What is the ten thousands digit of 192874?
9
What is the tens digit of 620488?
8
What is the tens digit of 99028?
2
What is the hundreds digit of 520995?
9
What is the tens digit of 4743551?
5
What is the thousands digit of 755512?
5
What is the ten thousands digit of 737430?
3
What is the hundreds digit of 818931?
9
What is the ten thousands digit of 8395034?
9
What is the hundreds digit of 447536?
5
What is the tens digit of 2980265?
6
What is the hundreds digit of 393676?
6
What is the hundreds digit of 2010622?
6
What is the ten thousands digit of 46382?
4
What is the hundreds digit of 41354391?
3
What is the thousands digit of 151147?
1
What is the hundred thousands digit of 6101084?
1
What is the hundred thousands digit of 2232522?
2
What is the hundreds digit of 4580288?
2
What is the hundred thousands digit of 1568934?
5
What is the hundreds digit of 7402532?
5
What is the ten thousands digit of 1411900?
1
What is the hundreds digit of 255210?
2
What is the ten thousands digit of 1163999?
6
What is the hundred thousands digit of 5453157?
4
What is the thousands digit of 1013634?
3
What is the hundreds digit of 30070?
0
What is the thousands digit of 4532007?
2
What is the thousands digit of 8806753?
6
What is the hundreds digit of 474519?
5
What is the hundreds digit of 2753302?
3
What is the hundred thousands digit of 1131477?
1
What is the ten thousands digit of 18472682?
7
What is the hundreds digit of 19160?
1
What is the tens digit of 210062?
6
What is the hundreds digit of 539539?
5
What is the hundred thousands digit of 1037764?
0
What is the units digit of 5844157?
7
What is the hundreds digit of 321823?
8
What is the tens digit of 1336637?
3
What is the hundred thousands digit of 272257?
2
What is the hundreds digit of 1443823?
8
What is the units digit of 318156?
6
What is the units digit of 8261545?
5
What is the hundred thousands digit of 1404192?
4
What is the tens digit of 59245?
4
What is the hundreds digit of 1669037?
0
What is the hundreds digit of 7410799?
7
What is the millions digit of 3668636?
3
What is the millions digit of 3673960?
3
What is the tens digit of 34390994?
9
What is the hundred thousands digit of 159923?
1
What is the hundred thousands digit of 145397?
1
What is the ten thousands digit of 191185?
9
What is the ten thousands digit of 18227596?
2
What is the thousands digit of 351172?
1
What is the hundred thousands digit of 7072383?
0
What is the ten thousands digit of 777281?
7
What is the thousands digit of 2548695?
8
What is the thousands digit of 5608742?
8
What is the hundreds digit of 9041863?
8
What is the millions digit of 1915550?
1
What is the millions digit of 1095481?
1
What is the ten thousands digit of 6123278?
2
What is the units digit of 1071630?
0
What is the millions digit of 4964863?
4
What is the units digit of 18510203?
3
What is the millions digit of 1069136?
1
What is the units digit of 442779?
9
What is the ten thousands digit of 364392?
6
What is the ten thousands digit of 280826?
8
What is the hundred thousands digit of 149899?
1
What is the hundreds digit of 1338420?
4
What is the tens digit of 26190421?
2
What is the thousands digit of 14181293?
1
What is the units digit of 55055?
5
What is the tens digit of 28471681?
8
What is the hundred thousands digit of 13273448?
2
What is the hundred thousands digit of 1783040?
7
What is the ten thousands digit of 313472?
1
What is the thousands digit of 762846?
2
What is the hundred thousands digit of 1263861?
2
What is the ten thousands digit of 1546798?
4
What is the thousands digit of 38169?
8
What is the hundreds digit of 134172?
1
Wh